1199*q = -1217*q + 144. Suppose -64 = -0*i - i. Calculate the greatest common factor of i and q.
8
Let b = 1315 - 1234. Calculate the highest common factor of 72 and b.
9
Suppose -2*b = -13 + 3. Suppose -4*t + 20 = -56. Let z = t - 14. Calculate the highest common divisor of z and b.
5
Let f be (1 - 68/(-4))/(9/12). Let p = 176 + -92. Suppose -p = -5*z + 156. Calculate the highest common factor of f and z.
24
Suppose 0 = -q + 1, 0*y - 2*q + 28 = y. Calculate the greatest common divisor of 442 and y.
26
Let l(s) = 2*s**2 - 44*s + 229. Let n be l(14). Suppose 4*k = -4*q + 104 + 4, -k = -5*q - 15. What is the highest common divisor of k and n?
5
Suppose 10*u - 5*u = 20. Suppose 158 = u*h - 102. Calculate the highest common divisor of 13 and h.
13
Suppose 126 = 37*d - 392. What is the highest common factor of d and 91?
7
Let m(a) = a**3 + 16*a**2 + 17*a + 13. Let i(b) = -b**2 + b - 1. Let k(q) = 3*i(q) + m(q). Let r be k(-11). Calculate the greatest common factor of 96 and r.
32
Let t be ((-2)/(-2))/((-14)/(-98)). Let v = -5 + t. Suppose -4*z = 0, -3*z - 46 = u - v*u. Calculate the highest common factor of 23 and u.
23
Suppose -10*o = -2359 + 1059. What is the greatest common factor of 715 and o?
65
Let p = 30 + -9. Let r(u) = -u**3 - 14*u**2 - 29*u + 47. Let h be r(-11). What is the highest common factor of h and p?
3
Let a be ((-1)/(-2))/(5/(-310)). Let p = a - -61. Calculate the greatest common factor of 5 and p.
5
Suppose 0 = 6*m + 61 - 145. What is the highest common factor of m and 1106?
14
Suppose -40*s + 1191 + 52 = 73*s. Suppose -4*p + 2*p = -2*r - 4, 2*p = 10. Let h be 2/3 - (-361)/r. Calculate the greatest common factor of s and h.
11
Suppose 0 = -o + 25*v - 23*v + 552, -o + 544 = -4*v. Calculate the highest common divisor of 20 and o.
20
Let i(m) = -m - 40. Let y be i(0). Let f be ((-81)/(-12))/((-3)/y). Let r be ((-2)/(-4) - -1)*936/39. Calculate the greatest common divisor of r and f.
18
Suppose -34*i = -40*i + 144. Calculate the highest common factor of 984 and i.
24
Let r(g) = 3*g**2 - 47*g + 82. Let i be r(15). What is the greatest common factor of 26 and i?
26
Let q be 4 - (2 + -1)/1*-1. Suppose 0 = 4*v - 1 - 27. Let t = v - -48. What is the highest common factor of t and q?
5
Suppose -79 = -2*g - 3*f, -4*g + 117 + 38 = 5*f. Calculate the greatest common divisor of 1435 and g.
35
Let x(r) = -14*r + 166. Let u be x(-7). What is the highest common divisor of u and 120?
24
Let q be 4/(-1)*4/(-8) - 64. Let t = q + 132. What is the highest common factor of t and 14?
14
Let y be (1/(-2))/(5/20). Let g be (y/5)/((-1)/35). Let j = -300 + 454. Calculate the highest common divisor of g and j.
14
Let y be (6 - 7)*-4 - -94. Calculate the greatest common factor of y and 84.
14
Let b(y) = 2*y**2 + 12*y + 6. Let z be b(-7). Calculate the highest common divisor of z and 280.
20
Suppose -5*j + 9 = -2*j. Let r be j/2 - (-21)/14*47. What is the highest common divisor of 8 and r?
8
Let i be 2 + 5/(-2)*-2. Suppose -3*g - 125 = -5*y - i*g, 0 = y - 2*g - 25. Calculate the greatest common divisor of 10 and y.
5
Let x be 290/6 + (-55)/165. What is the highest common factor of 12 and x?
12
Suppose 361*n - 1716 = 350*n. What is the highest common factor of n and 234?
78
Suppose 409 = -3*x + 523. Calculate the highest common divisor of 475 and x.
19
Let g be 10/4 - (-2)/4. Let r be 2*g/(-2) + 54. Suppose -34 = -5*a + 3*a. What is the highest common divisor of r and a?
17
Let s be (23/(-2))/((-1)/(-2)). Let z = 32 + s. Let v = 1023 + -942. Calculate the highest common factor of z and v.
9
Let z be (136/10)/((32/(-8))/(-40)). What is the greatest common divisor of z and 68?
68
Let k = -10 - -12. Let n be 6/3*2 - 4. Suppose n = j - 12 - k. What is the greatest common factor of 98 and j?
14
Let h = 553 - 476. What is the highest common divisor of h and 28?
7
Suppose 28*q - 11780 - 6840 = 0. What is the greatest common factor of q and 35?
35
Suppose 3*u + 8 = -5*w + 32, 3*u - 18 = -3*w. Suppose 0 = u*f + 3. Let r(m) = -41*m**3 - m**2. Let z be r(f). What is the highest common factor of 100 and z?
20
Let s(z) = 9*z - 50. Let i be s(6). Suppose -b + 4*x + 45 = 0, -21 - 61 = -2*b + i*x. Calculate the greatest common factor of b and 148.
37
Suppose 313 = -4*x + 4*v + 69, x + 3*v + 41 = 0. Let o be 3/(2/x*-4). Calculate the greatest common factor of 21 and o.
21
Let j be (-14910)/(-168) + (-3)/4. Calculate the greatest common divisor of 40 and j.
8
Suppose r = -3*r + 20. Suppose -278 = -r*i + 722. Suppose 5*a - 5*u - 108 = -3*u, -3*a = -2*u - 68. Calculate the greatest common divisor of a and i.
20
Let q be (-3)/(-6) - -6*27/12. Let i = 2 + 3. Suppose -2*z - 175 = -5*l - z, i*z + 35 = l. Calculate the greatest common divisor of l and q.
7
Let z = -466 + 474. Calculate the greatest common factor of 8 and z.
8
Let f be (-12 - -13)/(2/18). Suppose -d = -0*d + f. Let y(u) = -2*u - 3. Let m be y(d). Calculate the highest common divisor of 3 and m.
3
Let d = 30 + -54. Let t = d - -61. Suppose 44 = 3*w - t. What is the highest common divisor of w and 3?
3
Let r = 6 + -7. Let a be 6/r*(-15)/9. Suppose 0 = -7*x + a*x - 45. Calculate the greatest common divisor of x and 75.
15
Suppose -6*w + 322 = 58. Suppose -39*n + w = -35*n. Calculate the greatest common factor of 121 and n.
11
Suppose -r - 5*v + 537 = 0, -7*v + 2625 = 5*r - 12*v. Calculate the greatest common divisor of 62 and r.
31
Suppose z + 4*c - 41 = 0, -z - 89 = -4*z + 5*c. Suppose 70168*d + 186 = 70199*d. Calculate the greatest common divisor of d and z.
3
Suppose -2*r - 12 - 14 = -4*l, 2 = l - 5*r. Suppose -437 + 1137 = l*a. What is the greatest common factor of a and 150?
50
Let v be 6/(-33) - (-18)/(-22). Let w be 131 + (3 + v - -1). Suppose 0 = 4*q + d - w, -6 = d - 4*d. Calculate the greatest common divisor of q and 363.
33
Let x(z) = -z**3 - 6*z**2 + 5*z - 3. Let j be x(-7). Let n = j - 11. Suppose 7*h - 2*h - 170 = n. What is the greatest common divisor of h and 68?
34
Suppose 4*l = 48 + 36. What is the greatest common factor of 168 and l?
21
Suppose -4*a + 443 - 119 = 0. What is the greatest common divisor of 27 and a?
27
Let v be (3/6)/(1*(-7)/(-98)). Calculate the highest common factor of v and 7.
7
Suppose -k = -i - 24, 2*k - 6*k - 3*i = -82. Suppose k*l - 21*l = 50. What is the highest common divisor of 20 and l?
10
Suppose -27 = 5*f - 42. Suppose -9 = -f*y - 6. Calculate the greatest common factor of 4 and y.
1
Suppose -4*b + 1412 = -4*j, 3*b = -0*b - 3*j + 1029. Calculate the highest common factor of 290 and b.
58
Suppose -890*m + 1218 = -887*m. Calculate the greatest common divisor of 174 and m.
58
Let f = -116 + 359. Suppose -2*q - f = -5*q. Let r = 191 - 182. What is the highest common divisor of r and q?
9
Let t(a) = -4*a + 9. Let k be t(6). Let d be (-816)/k + 4/(-10). Let w = 2173 + -2155. Calculate the greatest common divisor of d and w.
18
Let a(i) = -i**3 + 9*i**2 - 12*i - 11. Let n be a(7). Calculate the highest common factor of 12 and n.
3
Suppose 0 = -19*s + 164 - 12. Let a(c) = c**2 + 6*c - 4. Let n be a(-8). What is the highest common divisor of n and s?
4
Let d be (-1 + 1 - 0)/3. Suppose d*b = b - 67. Suppose 33 = 2*m + 3*c - b, -m = -5*c - 50. Calculate the greatest common divisor of m and 20.
10
Suppose 5*g + 5*k = 129 - 34, 5*g - k = 101. Suppose -l + 2*j + 22 = 0, -j = 2*j + 3. What is the greatest common divisor of l and g?
20
Let n be (18/15)/((-9)/30). Let k be 61 - ((-34)/10 + n/(-10)). What is the greatest common factor of k and 16?
16
Let j(d) = 5*d**2 + 10*d - 108. Let f be j(10). Calculate the greatest common factor of f and 41.
41
Suppose s + 4 = 2*s. Suppose -3*o - 9 = 2*h - 123, 0 = 2*o + 3*h - 81. Calculate the greatest common factor of o and s.
4
Suppose 4*t + x = 2*x, -2*t - x = 0. Suppose t*y - 86 = -2*y + 2*q, 0 = -5*q - 5. Calculate the highest common factor of y and 14.
14
Suppose -5*u + h - 3 = -2, 5*h - 5 = 2*u. Suppose u = -b + 2*b - 5. Let n(s) = -5*s - 5. Let z be n(-5). Calculate the greatest common divisor of z and b.
5
Let j(n) = -27*n - 30. Let x be j(-2). What is the highest common factor of x and 30?
6
Suppose 27*n - 257 = 175. What is the highest common divisor of n and 116?
4
Let k = -10 - -13. Suppose -k*x = -6*x + 60. Let y(f) = f + 5. Let z be y